{"id":4690,"date":"2024-07-05T09:53:49","date_gmt":"2024-07-05T07:53:49","guid":{"rendered":"https:\/\/montesion.es\/?page_id=4690"},"modified":"2026-03-26T23:52:21","modified_gmt":"2026-03-26T21:52:21","slug":"canal-de-denuncias-de-colegio-nuestra-senora-del-monte-sion","status":"publish","type":"page","link":"https:\/\/montesion.es\/index.php\/canal-de-denuncias-de-colegio-nuestra-senora-del-monte-sion\/","title":{"rendered":"CANAL DE DENUNCIAS DE COLEGIO NUESTRA SE\u00d1ORA DE MONTE-SI\u00d3N"},"content":{"rendered":"\t\t<div data-elementor-type=\"wp-page\" data-elementor-id=\"4690\" class=\"elementor elementor-4690\" data-elementor-post-type=\"page\">\n\t\t\t\t\t\t<section class=\"elementor-section elementor-top-section elementor-element elementor-element-1d65f92 elementor-section-boxed elementor-section-height-default elementor-section-height-default\" data-id=\"1d65f92\" data-element_type=\"section\" data-e-type=\"section\">\n\t\t\t\t\t\t<div class=\"elementor-container elementor-column-gap-default\">\n\t\t\t\t\t<div class=\"elementor-column elementor-col-100 elementor-top-column elementor-element elementor-element-58a8a1a\" data-id=\"58a8a1a\" data-element_type=\"column\" data-e-type=\"column\">\n\t\t\t<div class=\"elementor-widget-wrap elementor-element-populated\">\n\t\t\t\t\t\t<div class=\"elementor-element elementor-element-feae079 elementor-widget elementor-widget-text-editor\" data-id=\"feae079\" data-element_type=\"widget\" data-e-type=\"widget\" data-widget_type=\"text-editor.default\">\n\t\t\t\t<div class=\"elementor-widget-container\">\n\t\t\t\t\t\t\t\t\t<p>Atendiendo con lo establecido en la <em>Ley 2\/2023, de 20 de febrero, reguladora de la protecci\u00f3n de las personas que informen sobre infracciones normativas y de lucha contra la corrupci\u00f3n<\/em>, todas las empresas que tengan m\u00e1s de 50 trabajadores tienen la obligaci\u00f3n de disponer de un canal interno de informaci\u00f3n que permita realizar comunicaciones sobre aquellos hechos que puedan suponer una infracci\u00f3n penal o administrativa grave, o bien, una infracci\u00f3n del derecho de la UE.<\/p><p>Por otro lado, en la normativa, se recoge la obligaci\u00f3n de poner a disposici\u00f3n de las partes interesadas informaci\u00f3n sobre el uso de todo canal interno de informaci\u00f3n, as\u00ed como los principios esenciales del procedimiento.<\/p><p>Para garantizar el cumplimiento de lo anterior, ponemos a su disposici\u00f3n lo siguiente:<\/p><p><a href=\"https:\/\/montesion.es\/wp-content\/uploads\/2024\/07\/POLITICA-DEL-SISTEMA-INTERNO-DE-INFORMACION-COLEGIOS-AMIGONIANOS-monte-sion.pdf\">Pol\u00edtica General del Sistema Interno de Informaci\u00f3n.<\/a><\/p><p><a href=\"https:\/\/montesion.es\/wp-content\/uploads\/2024\/07\/MANUAL-DE-USO-DEL-CANAL-DE-DENUNCIAS_COLEGIO-AMIGONIANOS_v2.pdf\">Manual de Uso del Canal Interno de Informaci\u00f3n.<\/a><\/p>\t\t\t\t\t\t\t\t<\/div>\n\t\t\t\t<\/div>\n\t\t\t\t<div class=\"elementor-element elementor-element-64ad948 elementor-widget elementor-widget-text-editor\" data-id=\"64ad948\" data-element_type=\"widget\" data-e-type=\"widget\" data-widget_type=\"text-editor.default\">\n\t\t\t\t<div class=\"elementor-widget-container\">\n\t\t\t\t\t\t\t\t\t<p><strong>COLEGIO NUESTRA SE\u00d1ORA DE MONTE-SI\u00d3N, informa:<\/strong><\/p><p><strong>\u00a0<\/strong><\/p><p><strong>CANAL DE DENUNCIAS<\/strong>. El presente canal de denuncias garantiza el cumplimiento de lo establecido en la normativa anteriormente mencionada de acuerdo con lo establecido en los art\u00edculos 7 y 9 de la misma.<\/p><p><strong>COMUNICACIONES AN\u00d3NIMAS Y DATOS PERSONALES<\/strong>. Las comunicaciones podr\u00e1n ser an\u00f3nimas, no siendo obligatoria la identificaci\u00f3n del informante, y se contestar\u00e1n por el mismo canal por el que se han recibido, para ello ser\u00e1 necesario que guarde el c\u00f3digo de seguimiento que le ser\u00e1 asignado en el mensaje de recepci\u00f3n de la denuncia.<\/p><p>El anonimato, s\u00f3lo se levantar\u00e1 con el consentimiento expreso del informante o cuando constituya una obligaci\u00f3n necesaria y proporcionada impuesta por el Derecho de la Uni\u00f3n o nacional en el contexto de una investigaci\u00f3n llevada a cabo por las autoridades nacionales o en el marco de un proceso judicial, en particular para salvaguardar el derecho de defensa de la persona afectada.<\/p><p>Durante el proceso se garantizar\u00e1, por tanto, el cumplimiento de la legislaci\u00f3n en materia de protecci\u00f3n de datos vigente. (LOPD y RGPD)<\/p><p><strong>USO DEL CANAL DE DENUNCIAS. <\/strong>Cuando vaya a interponer una denuncia, observar\u00e1 que es dirigido a una herramienta on-line externa al dominio de COLEGIO NUESTRA SE\u00d1ORA DE MONTE-SI\u00d3N el mensaje es transmitido a la herramienta de un proveedor externo con el objetivo de garantizar total objetividad y transparencia en el proceso de gesti\u00f3n de la denuncia.<\/p><p>En todo caso, el proveedor externo cumplir\u00e1 con las instrucciones establecidas por COLEGIO NUESTRA SE\u00d1ORA DE MONTE-SI\u00d3N y siempre conforme a la legislaci\u00f3n vigente en materia de protecci\u00f3n de datos, garantiz\u00e1ndose el cumplimiento de las obligaciones previstas en el Art. 28 del RGPD.<\/p><p>Por ello, la presente herramienta podr\u00e1 ser utilizada por cualquier empleado de COLEGIO NUESTRA SE\u00d1ORA DE MONTE-SI\u00d3N o bien cualquier otra tercera persona que pueda tener conocimiento de conductas contrarias a la \u00e9tica, fraudulentas o il\u00edcitas cometidas en el seno de nuestra Organizaci\u00f3n.<\/p><p>Este canal de denuncias <u>no<\/u> es el canal id\u00f3neo para temas relacionados con sus condiciones de empleo o cuestiones disciplinarias. En ese caso deber\u00e1 seguir las pol\u00edticas establecidas en su organizaci\u00f3n.<\/p><p><a href=\"https:\/\/cybersecurity.telefonica.com\/sandasgrc\/?organization=13913400-470A-4AE8-9D69-BAC945F4B8CF&amp;multi=DB7B7ED1-F03A-4BFC-A1B3-69C60F9CB691\" target=\"_blank\" rel=\"noopener\">Clique aqu\u00ed para acceder al canal de denuncias<\/a><\/p><p><strong>INFORMACI\u00d3N B\u00c1SICA SOBRE PROTECCI\u00d3N DE DATOS PERSONALES.<\/strong><\/p><p><em>El responsable del tratamiento de los datos es COLEGIO NUESTRA SE\u00d1ORA DE MONTE-SI\u00d3N que, tratar\u00e1 la informaci\u00f3n que se recoja a trav\u00e9s del canal en cumplimiento de una obligaci\u00f3n legal prevista en el la Ley 2\/2023, de 20 de febrero,<\/em> <em>reguladora de la protecci\u00f3n de las personas que informen sobre infracciones normativas y de lucha contra la corrupci\u00f3n, con la finalidad de gestionar las denuncias que se reciban a trav\u00e9s del canal, garantizando la confidencialidad de los datos del denunciante, manteni\u00e9ndolos an\u00f3nimos sin comunicarlos a terceros salvo que su identificaci\u00f3n constituya una obligaci\u00f3n necesaria y proporcionada impuesta por el derecho de la UE o nacional en el contexto de una investigaci\u00f3n llevada a cabo por las autoridades nacionales o en el marco de un proceso judicial, en cuyo caso deber\u00e1 comunicarse a las autoridades competentes en el asunto.<\/em><\/p><p><em>Sus datos ser\u00e1n conservados durante un per\u00edodo m\u00e1ximo de 3 meses desde la introducci\u00f3n de los datos en el canal, pero podr\u00e1n permanecer bloqueados cuando sea necesario para evidenciar el funcionamiento del modelo de prevenci\u00f3n de delito o pueda ser requerido por la autoridad competente para el inicio de la correspondiente investigaci\u00f3n de los hechos.<\/em><\/p><h4><strong><a name=\"_Toc151566167\"><\/a>INFORMACI\u00d3N SOBRE PROTECCI\u00d3N DE DATOS A LOS DENUNCIANTES<\/strong><\/h4><p>En cumplimiento del art\u00edculo 13 Reglamento (UE) 2016\/679 del Parlamento Europeo y del Consejo, de 27 de abril de 2016, relativo a la protecci\u00f3n de las personas f\u00edsicas en lo que respecta al tratamiento de datos personales y a la libre circulaci\u00f3n de estos datos, del art\u00edculo 11 de la Ley Org\u00e1nica 3\/2018, de 5 de diciembre, de Protecci\u00f3n de Datos Personales y garant\u00eda de los derechos digitales y del art\u00edculo 31 de la Ley 2\/2023, de 20 de febrero, reguladora de la protecci\u00f3n de las personas que informen sobre infracciones normativas y de lucha contra la corrupci\u00f3n, detallamos a continuaci\u00f3n la informaci\u00f3n sobre protecci\u00f3n de datos personales respecto del tratamiento de datos en el Sistema Interno de Informaci\u00f3n:<\/p><ol><li><strong> RESPONSABLE DEL TRATAMIENTO<\/strong><\/li><\/ol><p>El Responsable del tratamiento es COLEGIO NTRA. SRA. DE MONTE-SI\u00d3N, con NIF: R4600401F y con domicilio social a estos efectos en Av. Padre Prudencio, 10, 46900 Torrent, Valencia y tel\u00e9fono (+34) 961555252.<\/p><p>Sus datos personales ser\u00e1n tratados con la m\u00e1s estricta confidencialidad, \u00fanicamente por personal autorizado para ello.<\/p><ol start=\"2\"><li><strong> ORIGEN DE LOS DATOS<\/strong><\/li><\/ol><p>En caso de que haya optado por identificarse, sus datos personales han sido obtenidos a trav\u00e9s del formulario rellenado por usted del canal del sistema interno habilitado por el Centro.<\/p><ol start=\"3\"><li><strong> FINALIDAD DEL TRATAMIENTO<\/strong><\/li><\/ol><p>Los datos son tratados con la \u00fanica finalidad de gestionar las denuncias que se reciban a trav\u00e9s del canal, contactar con la persona informante para recabar informaci\u00f3n adicional si resulta necesario o procedente e informarla sobre el curso y resultado de la denuncia, as\u00ed como con terceras personas vinculadas con los hechos denunciadas con la finalidad de tramitar la denuncia y recabar informaci\u00f3n si procede, gestionar las investigaciones de los presuntos hechos comunicados, o, en su caso, para dar respuesta a la consulta planteada, as\u00ed como para adoptar, si procede, medidas de protecci\u00f3n y\/o de prevenci\u00f3n de represalias, todo ello en cumplimiento de lo dispuesto en la Pol\u00edtica del Sistema Interno de Informaci\u00f3n y en el Protocolo de gesti\u00f3n del canal de denuncias.<\/p><ol start=\"4\"><li><strong> LEGITIMACI\u00d3N DEL TRATAMIENTO<\/strong><\/li><\/ol><p>La base legal para el tratamiento de sus datos personales en la gesti\u00f3n del Sistema Interno de Informaci\u00f3n ser\u00e1<strong>\u00a0<\/strong>la establecida en el art. 6.1.c del RGPD, en la medida en que el tratamiento es necesario para el cumplimiento de una obligaci\u00f3n legal aplicable al responsable del tratamiento conforme a lo dispuesto en la Ley 2\/2023, de 20 de febrero, reguladora de la protecci\u00f3n de las personas que informen sobre infracciones normativas y de lucha contra la corrupci\u00f3n.<\/p><ol start=\"5\"><li><strong> PLAZOS DE CONSERVACI\u00d3N<\/strong><\/li><\/ol><p>Los datos que sean objeto de tratamiento podr\u00e1n conservarse en el sistema de informaciones \u00fanicamente durante el tiempo imprescindible para decidir sobre la procedencia de iniciar una investigaci\u00f3n sobre los hechos informados.<\/p><p>Si se acreditara que la informaci\u00f3n facilitada o parte de ella no es veraz, deber\u00e1 procederse a su inmediata supresi\u00f3n desde el momento en que se tenga constancia de dicha circunstancia, salvo que dicha falta de veracidad pueda constituir un il\u00edcito penal, en cuyo caso se guardar\u00e1 la informaci\u00f3n por el tiempo necesario durante el que se tramite el procedimiento judicial.<\/p><p>En todo caso, transcurridos tres meses desde la recepci\u00f3n de la comunicaci\u00f3n sin que se hubiesen iniciado actuaciones de investigaci\u00f3n, deber\u00e1 procederse a su supresi\u00f3n, salvo que la finalidad de la conservaci\u00f3n sea dejar evidencia del funcionamiento del sistema. Las comunicaciones a las que no se haya dado curso solamente podr\u00e1n constar de forma anonimizada, sin que sea de aplicaci\u00f3n la obligaci\u00f3n de bloqueo prevista en el art\u00edculo 32 de la Ley Org\u00e1nica 3\/2018, de 5 de diciembre.<\/p><p>En ning\u00fan caso ser\u00e1n objeto de tratamiento los datos personales que no sean necesarios para el conocimiento e investigaci\u00f3n de las acciones u omisiones a las que se aplica la Ley 2\/2023, de 20 de febrero, reguladora de la protecci\u00f3n de las personas que informen sobre infracciones normativas y de lucha contra la corrupci\u00f3n, procedi\u00e9ndose, en su caso, a su inmediata supresi\u00f3n. Asimismo, se suprimir\u00e1n todos aquellos datos personales que se puedan haber comunicado y que se refieran a conductas que no est\u00e9n incluidas en el \u00e1mbito de aplicaci\u00f3n de dicha ley.<\/p><p>Si la informaci\u00f3n recibida contuviera datos personales incluidos dentro de las categor\u00edas especiales de datos, se proceder\u00e1 a su inmediata supresi\u00f3n, sin que se proceda al registro y tratamiento de los mismos.<\/p><p>Los datos personales relativos a las informaciones recibidas y a las investigaciones internas contenidas en el libro-registro solo se conservar\u00e1n durante el per\u00edodo que sea necesario y proporcionado para cumplir con la citada Ley. En ning\u00fan caso podr\u00e1n conservarse los datos por un per\u00edodo superior a diez a\u00f1os.<\/p><ol start=\"6\"><li><strong> DESTINATARIOS DE LOS DATOS<\/strong><\/li><\/ol><p>Le informamos que su identidad, en el caso de proporcionarse o resultar identificable, ser\u00e1 en todo caso reservada, y no se comunicar\u00e1 a las personas a las que se refieren los hechos relatados ni a terceros ajenos a la gesti\u00f3n y tramitaci\u00f3n de la comunicaci\u00f3n, salvo cuando resulte necesario para la adopci\u00f3n de medidas correctoras en la entidad o la tramitaci\u00f3n de los procedimientos sancionadores o penales que, en su caso, procedan, en cuyo caso deber\u00e1 comunicarse a las autoridades competentes en el asunto.<\/p><p>Los datos personales tratados en el Sistema Interno de Informaci\u00f3n podr\u00e1n ser comunicados a la autoridad judicial, al Ministerio Fiscal, a las Fuerzas y Cuerpos de Seguridad del Estado, o a la autoridad administrativa competente, en el contexto de una investigaci\u00f3n que lleven a cabo o en el marco de un proceso judicial. Tambi\u00e9n podr\u00e1n comunicarse a las autoridades de protecci\u00f3n del informante estatal o auton\u00f3micas competentes.<\/p><p>En caso de externalizaci\u00f3n de la gesti\u00f3n del Sistema interno de informaci\u00f3n, la informaci\u00f3n proporcionada a trav\u00e9s del canal habilitado en l\u00ednea podr\u00e1 ser tratada por el tercero externo, como encargado del tratamiento, de conformidad con lo dispuesto en el art\u00edculo 6 de la Ley 2\/2023.<\/p><p>No se tienen previstas trasferencias internacionales de datos por cesi\u00f3n o encargo de tratamiento.<\/p><ol start=\"7\"><li><strong> DERECHOS DE LAS PERSONAS INTERESADAS<\/strong><\/li><\/ol><p>Los informantes tienen derecho a acceder a sus datos personales, as\u00ed como a obtener la rectificaci\u00f3n de los datos personales inexactos o incompletos, a solicitar la supresi\u00f3n de sus datos personales e instar a la limitaci\u00f3n del tratamiento, enviando un escrito a la direcci\u00f3n postal arriba se\u00f1alada o a la direcci\u00f3n electr\u00f3nica <a href=\"mailto:montesion@montesion.es\">montesion@montesion.es<\/a>, en cualquier momento y de manera gratuita. Adem\u00e1s, tendr\u00e1 derecho a interponer una reclamaci\u00f3n ante la Agencia Espa\u00f1ola de Protecci\u00f3n de Datos (<a href=\"http:\/\/www.aepd.es\" target=\"_blank\" rel=\"noopener\">www.aepd.es<\/a>), si considera que se ha cometido una infracci\u00f3n de la legislaci\u00f3n en materia de protecci\u00f3n de datos respecto al tratamiento de sus datos personales.<\/p><p>\u00a0<\/p><p><em>Para m\u00e1s informaci\u00f3n sobre el tratamiento de sus datos o como ejercitar sus derechos puede dirigirse a nuestra <a href=\"https:\/\/montesion.es\/index.php\/politica-y-privacidad\/\"><u>Pol\u00edtica de Privacidad<\/u>. <\/a><\/em><\/p>\t\t\t\t\t\t\t\t<\/div>\n\t\t\t\t<\/div>\n\t\t\t\t\t<\/div>\n\t\t<\/div>\n\t\t\t\t\t<\/div>\n\t\t<\/section>\n\t\t\t\t<\/div>\n\t\t","protected":false},"excerpt":{"rendered":"<p>Atendiendo con lo establecido en la Ley 2\/2023, de 20 de febrero, reguladora de la protecci\u00f3n de las personas que informen sobre infracciones normativas y de lucha contra la corrupci\u00f3n, todas las empresas que tengan m\u00e1s de 50 trabajadores tienen la obligaci\u00f3n de disponer de un canal interno de informaci\u00f3n que permita realizar comunicaciones sobre &#8230; <a title=\"CANAL DE DENUNCIAS DE COLEGIO NUESTRA SE\u00d1ORA DE MONTE-SI\u00d3N\" class=\"read-more\" href=\"https:\/\/montesion.es\/index.php\/canal-de-denuncias-de-colegio-nuestra-senora-del-monte-sion\/\" aria-label=\"Leer m\u00e1s sobre CANAL DE DENUNCIAS DE COLEGIO NUESTRA SE\u00d1ORA DE MONTE-SI\u00d3N\">Leer m\u00e1s<\/a><\/p>\n","protected":false},"author":3,"featured_media":0,"parent":0,"menu_order":0,"comment_status":"closed","ping_status":"closed","template":"","meta":{"_monsterinsights_skip_tracking":false,"_monsterinsights_sitenote_active":false,"_monsterinsights_sitenote_note":"","_monsterinsights_sitenote_category":0,"footnotes":""},"class_list":["post-4690","page","type-page","status-publish"],"_links":{"self":[{"href":"https:\/\/montesion.es\/index.php\/wp-json\/wp\/v2\/pages\/4690","targetHints":{"allow":["GET"]}}],"collection":[{"href":"https:\/\/montesion.es\/index.php\/wp-json\/wp\/v2\/pages"}],"about":[{"href":"https:\/\/montesion.es\/index.php\/wp-json\/wp\/v2\/types\/page"}],"author":[{"embeddable":true,"href":"https:\/\/montesion.es\/index.php\/wp-json\/wp\/v2\/users\/3"}],"replies":[{"embeddable":true,"href":"https:\/\/montesion.es\/index.php\/wp-json\/wp\/v2\/comments?post=4690"}],"version-history":[{"count":27,"href":"https:\/\/montesion.es\/index.php\/wp-json\/wp\/v2\/pages\/4690\/revisions"}],"predecessor-version":[{"id":5876,"href":"https:\/\/montesion.es\/index.php\/wp-json\/wp\/v2\/pages\/4690\/revisions\/5876"}],"wp:attachment":[{"href":"https:\/\/montesion.es\/index.php\/wp-json\/wp\/v2\/media?parent=4690"}],"curies":[{"name":"wp","href":"https:\/\/api.w.org\/{rel}","templated":true}]}}